 + 5*j**4/24 + j**3/3 + 3*j**2. Let i be 3 - 2*(2 + 1). What is x(i)?
5
Let d(f) = -8*f**3 - f**2 + f - 6. Let r(q) = -15*q**3 - 2*q**2 + 2*q - 11. Let p(n) = 11*d(n) - 6*r(n). Suppose -1 - 3 = 4*u. Let c = 2 + u. What is p(c)?
2
Let w(t) = -t**3 + 9*t**2 - 6*t - 17. Let p be w(8). Let u(k) = -3*k**2 + 3*k - 2*k + 2*k**2 + 1 + 10*k**3. Calculate u(p).
-11
Let v(p) be the second derivative of p**5/20 - p**4/4 - p**3/6 + p**2 + p. Let a be 4/8 + 4/(-8). Suppose -2*y + 6 = -a*y. Determine v(y).
-1
Let j = -91 + 89. Let l(h) = -3*h**2 - 2*h + 1. Give l(j).
-7
Let g(w) = w**3 + 6*w**2 + 5*w + 5. Let y(x) = -x**2 - 6*x - 5. Let n be y(-6). Give g(n).
5
Suppose 5*q = -q. Let p(k) = -k - 8. What is p(q)?
-8
Let d be (-6)/(-2) - (-3 - -4). Let a(f) = -6*f**d - 1 + f**2 + f + 2*f**2. Calculate a(1).
-3
Let q(k) = k**2 - 10*k + 10. Let w be q(9). Let r(m) = m**3 + m**2 + 4. Let n be r(0). Let h(a) = n + 1 - 4 + 6*a. Calculate h(w).
7
Suppose -x = -0*x - 1. Let l(o) = -o - 1. Let r(z) be the first derivative of -z**3/3 + z**2 + z + 4. Let v(t) = -4*l(t) - 3*r(t). Give v(x).
2
Let d = 3 + 0. Let p(l) = 1 - 5*l + d*l + l. Determine p(-4).
5
Let x = 5 + 1. Let k(d) = -5*d**2 + d + 9. Let t(o) = 6*o**2 - 2*o - 10. Let n(m) = x*t(m) + 7*k(m). Give n(6).
9
Let g(l) = -2*l - 1. Suppose -3*w - 7 = 2. Let o = w + 20. Suppose o = -3*j + 4*v, -3*j + 2*v - 7 = -0*v. Determine g(j).
-3
Let b(w) be the third derivative of -w**5/60 + 7*w**4/24 + w**3 + 2*w**2. What is b(6)?
12
Let w be -1*1*(-15 + 16). Let s(u) = -5*u**2 + 1. Determine s(w).
-4
Let a(l) = -3 + 3*l + 0 - 4*l - 3. Determine a(0).
-6
Let a(y) be the first derivative of 0*y - 3/2*y**2 + 2 + 1/3*y**3. Determine a(2).
-2
Let l = 36 + -21. Let b be 54/15 + 6/l. Let t(g) = g + 3. Give t(b).
7
Let o(q) = 5*q**3 + 11*q**2 - 17. Let j(s) = s**3 + 3*s**2 - 4. Let f(g) = 9*j(g) - 2*o(g). Let w be 3 + (-2*1)/(-1). Give f(w).
-2
Suppose 0 = 4*l + l - f + 8, -f - 10 = 4*l. Let w(v) be the first derivative of -v**4/4 - 2*v**3/3 - v**2/2 - 2*v + 1. Determine w(l).
0
Let h(y) = 2*y - 2. Let l be h(-2). Let f(s) = -s - 3. Let j(c) = -3. Let g(a) = 5. Let x(v) = 4*g(v) + 7*j(v). Let m(b) = -f(b) + 4*x(b). Calculate m(l).
-7
Let l = 18 + -22. Let q(c) = c**2 + 7*c + 5. Calculate q(l).
-7
Let j(q) = -q**2 + 4*q + 4. Let u(k) = k**3 - 4*k**2 - 5*k + 4. Suppose 4*t - 15 = t. Let f be u(t). What is j(f)?
4
Let y be 42/28 - (-2)/4. Let v(d) = -2*d. Give v(y).
-4
Let a(l) be the second derivative of -1/6*l**3 - 1/4*l**4 - l + 0*l**2 + 0. Suppose -5*s + m + 9 = 0, -8*s + 5*m + 18 = -10*s. Determine a(s).
-4
Let a(y) be the first derivative of y**3/3 - 3*y**2 + y + 3. Calculate a(4).
-7
Let d(r) = 5 - 3 - r**3 + 3*r**2 + r**2 + r. Let p(g) = g**3 + 6*g**2 + 6*g - 1. Let c be p(-5). Let s = c - -10. Determine d(s).
6
Let g be (-10 - -6)/(3*4/(-18)). Let l(x) = -2*x - 3. Determine l(g).
-15
Let x(b) = 0*b + 7*b - 6*b**2 + 5*b**2 - 3*b. Determine x(3).
3
Suppose t - 7*t - 18 = 0. Let m(q) = -2*q**2 + q + 1. Give m(t).
-20
Let j(l) be the first derivative of -l**3/3 + l**2 - 7. Suppose -3*g + 12 = g. What is j(g)?
-3
Suppose 1 = 4*z + 9. Let w(g) = -1 - 4 + 4*g + 3. What is w(z)?
-10
Suppose 5*k = 6 - 1. Suppose d - 3*f + 2 = 0, -3*d + f + 1 + k = 0. Let a(n) = 6*n**3 - 1. Determine a(d).
5
Let r(u) be the third derivative of u**4/2 + u**3/6 - 10*u**2. Let i(z) = -z - 6. Let m be i(-5). Give r(m).
-11
Let g be (-2)/(2*1/(-4)). Suppose l = 4, -5*q - g*l + 23 = -4*q. Let o be q + (-2)/(-4)*-2. Let b(c) = c**2 - 9*c + 9. What is b(o)?
-9
Let o(t) = 9*t - 5. Let g(w) = 3*w - 3 - 3 + 5 - 2*w. Let u(h) = -3*g(h) + o(h). Calculate u(2).
10
Let y(s) be the first derivative of -s**4/4 - s**3 + s**2 + 2*s - 3. Calculate y(-3).
-4
Let z be (1/(-1))/((-4)/(-8)). Let i(l) = 8*l. Calculate i(z).
-16
Let s(g) = -1 - 2 - 28*g**2 + 25*g**2 + g + 5. Determine s(2).
-8
Let k(g) = -2*g**3 - 8*g**2 - 11*g + 4. Let m(t) = -t**3 - 4*t**2 - 5*t + 2. Let b(c) = -3*k(c) + 7*m(c). Suppose 21*w = 18*w - 6. Give b(w).
-2
Suppose 2*v + 3*j = -2*v + 47, -10 = -2*j. Let d be v/(-6)*63/(-14). Let b(w) be the second derivative of -w**3/6 + 2*w**2 - 6*w. Calculate b(d).
-2
Let x(h) = h**2 - 1. Suppose 0 = -3*o + 8 - 23. Suppose -1 - 3 = l. Let d = o - l. What is x(d)?
0
Let t(l) be the third derivative of -l**5/60 + l**4/24 - l**3/2 - 2*l**2. Let u be t(0). Let c(h) = -h**2 - 3*h + 3. Determine c(u).
3
Let t(d) = -2*d**2 + 3*d + 3. Let m be (32/(-40))/((-2)/(-10)). Let y = 2 + m. Determine t(y).
-11
Let j(y) = -y**3 + 5*y**2 - 3*y + 5. Let m(z) = -2*z - 2. Suppose b + 12 = -3*b. Let u be m(b). Calculate j(u).
9
Let y = 32 + -27. Let w(d) = -d**2 + 4*d + 3. Determine w(y).
-2
Let s(v) = -v - 11. Let i(y) = -y - 10. Let r(a) = 3*i(a) - 2*s(a). Let m be 1/(-2) - (-14)/(-4). What is r(m)?
-4
Let j(b) = -b**3 - 4*b**2 - 2*b + 1. Suppose 3*v = -5*q - 24, -5*v - 11 = 3*q + 13. Give j(q).
-2
Let m(u) be the first derivative of -u**4/4 + 7*u**3/3 + u**2/2 - 6*u - 28. Determine m(7).
1
Let b(d) = -d - 1. Let z be b(-3). Let v(x) = -4*x**z + 3*x**2 + 2*x**2 - 3 + 3*x. Calculate v(-3).
-3
Suppose -15 = -3*r - 2*r. Let g(i) = -6*i - 4*i**3 + i + 3 - 7*i**2 + 3*i**r. Give g(-6).
-3
Let w(r) = -r + 0 - 6 + 0 + r**2. Let k = 3 + -4. Let l be 1*(k + 2/2). Calculate w(l).
-6
Let p(o) = -2 - 5*o - 7*o - 5*o + 11*o. Give p(-2).
10
Let c(h) = 43 - 92 - 7*h**2 + 9*h + 44 + h**3. Calculate c(6).
13
Let u(c) = c + 16. Let p be u(-8). Suppose p = -5*b + b. Let f(j) = -5*j + 2. Let d(z) = 2*z - 1. Let g(y) = 7*d(y) + 3*f(y). What is g(b)?
1
Let h(w) = -w**2 + w + 4. Let y = 1 - -1. Let j(c) = -4*c - 2*c**2 + 3*c**y - 3 + 1. Let o be j(5). Calculate h(o).
-2
Let p(a) = a + 5*a**3 + 0*a - 1601*a**2 + 1602*a**2. Give p(-1).
-5
Let l(d) = -d + 8. Let o(p) = 7. Let s(i) = -2*l(i) + 3*o(i). Determine s(-4).
-3
Let f(o) = 367*o - 183*o + 3 - 180*o. What is f(-2)?
-5
Suppose -6*z - 8 = -4*z. Let m(x) be the first derivative of x**5/120 + 7*x**4/24 - 2*x**3/3 + 1. Let k(u) be the third derivative of m(u). Give k(z).
3
Let d(f) = f**2 + 14*f + 16. Let t be d(-13). Let v(b) = -b + 3. Determine v(t).
0
Let s be (-1173)/(-92) + 3/(-4). Let w(v) = -v**2 + 11*v + 14. Determine w(s).
2
Let g(z) = -3 + 4*z**2 - 3 + z**3 - 2*z + 3. Let t be g(-4). Let b(x) = -2 + x**2 - 6*x + 2. Determine b(t).
-5
Suppose -3 = 3*d - 2*d - 2*z, -4*d - 17 = -3*z. Let n(v) = -v - 10. What is n(d)?
-5
Let n(l) = 9*l + 40. Let h be n(-4). Let u(s) = s**3 - 3*s**2 - 4*s + 3. What is u(h)?
3
Let a(m) = 3 + 2 - 2*m + 3. Let f(i) = i**2 - 4*i - 15. Let h be f(7). Calculate a(h).
-4
Let g(b) = -b**2 + 5*b + 3. Suppose 4*t - 24 = -0*t + 4*w, 2*w = -t. Determine g(t).
7
Let w(r) = -r**3 + 7*r**2 - 7*r + 8. Let z be w(6). Suppose 0 = l + 2*q + 9, -2*l - z*l = 2*q + 24. Let v(b) = b**3 + 5*b**2 + b - 1. Determine v(l).
-6
Let f(z) be the second derivative of z**4/12 - 5*z**3/6 - 3*z**2 + 2*z. Suppose 2*v - 4*u = 16, -8*v + 3*v - 2*u = 8. Suppose 5*k - 10 - 15 = v. What is f(k)?
-6
Let o(s) = s**2 + 4*s - 1. Let x be 1*2 + (1 - -1). Suppose -2*w - 2*z = 8, -w + x = -2*z + 11. Calculate o(w).
4
Let p(t) = -2*t**2 - 4*t - 2. Let j = 7 + -14. Suppose -2*s - 2*o - 33 = 3*o, -o = 4*s + 21. Let i = j - s. Calculate p(i).
-8
Let o(k) be the third derivative of -4*k**2 + 1/6*k**3 - 1/24*k**4 + 0*k + 0. Determine o(3).
-2
Let c = 14 + -10. Suppose -5*k - 2*o + 11 = -1, 24 = 2*k - c*o. Let n(m) = -m**2 - 3*m + 0*m**2 - k + 8*m. Give n(3).
2
Let u(x) be the first derivative of -x**4/4 - 5*x**3/3 + x**2 + 2*x - 13. Calculate u(-5).
-8
Suppose 4*y - 2*y + 14 = -4*i, 5*y - 7 = 4*i. Let n(h) be the first derivative of -2*h**3/3 - h**2 + 4*h + 2. What is n(i)?
-8
Suppose -3 = 3*v + r + 5, -4*r + 12 = v. Let a(y) = -3*y + 13. Let l(h) = -2*h + 7. Let z(k) = 3*a(k) - 5*l(k). What is z(v)?
0
Let q(a) = 3*a**3 - 6*a + 0*a**3 + 5 - 2*a**3 + 5*a**2. Let m(y) = -y**3 + 19*y**2 - 6. Let n be m(19). Calculate q(n).
5
Let j(f) = -f**2 - 18*f + 38. Let i be j(-20). Let k(s) = s**3 + s**2 + s + 1. What is k(i)?
-5
Let x be (-18)/(-5) + 9/(-15). Let q(u) = 6*u + 2 - u**3 - x*u**2 + 5 - 1. Give q(-4).
-2
Let o(c) be the second derivative of c**5/20 + 7*c**4/12 + 5*c**3/6 - 3*c**2/2 + c. Suppose -3*z + 3*l - l - 20 = 0, l = 5*z + 31. Give o(z).
3
Suppose -p - 19 = -4*u, 